e value of -7 + 0 + (10 + 1 + -3 - -14)?
15
Evaluate -8 + (-7 - -48 - 30).
3
What is the value of 140 + -76 + -63 - (-11 - 1)?
13
What is (-2 + 2 - 2) + (-41 - -21 - -16)?
-6
Calculate 34 + -23 + -1 + -4 + -11 + -6.
-11
Calculate 13 + 9 + -20 - (3 + 0).
-1
Calculate 5 + 17 + -34 + 18.
6
What is 3 + (3 - 3) + 0 + -3 - -13?
13
What is -6 + -3 + 9 + -1 + 9 - 17?
-9
What is 6 - -21 - ((7 - 5) + -5 + 1)?
29
4 + (-2 - 0) - (0 - (28 - 22))
8
Calculate 12 + 2 - (-3 + -3 - -12) - -3.
11
Evaluate 20 + (7 - -9) - 19.
17
-8 + -25 + 3 - -9 - -8
-13
What is the value of -1 - (12 + -11 - (-12 - -6))?
-8
Calculate 2 - (-4 - ((-32 - (-3 - 2)) + 7)).
-14
1 - 17 - (-20 + (-3 - -17))
-10
What is (-2 + -26 - (-3 - (2 - -2))) + 7?
-14
(-53 - (-154 - -104)) + (0 - 1) + -3
-7
What is the value of -2 + 7 + -33 + 14 + -7?
-21
What is the value of 8 + 1 + (22 - 2 - (-3 + 6))?
26
Calculate -11 + 40 + 16 + -31.
14
Evaluate (-1 - 5) + (-127 - -131) - -4.
2
Calculate 5 - -10 - 0 - (12 - (4 - -3)).
10
What is -13 + (10 - (3 - 1)) + 16?
11
What is the value of 5 - (-17 - -20 - -16) - 8?
-22
Calculate (0 + (-7 - -6) - 4) + 13 + -18.
-10
What is (6 - 3) + -2 + 6 + -1?
6
What is (-55 - -12 - -51) + 6?
14
Evaluate (-1 - -1) + (6 - -3) + -9.
0
Evaluate -1352 - -1382 - (7 - 1).
24
-26 + (27 - 51) + 41
-9
Evaluate (5 - 0) + (4 - (0 + 1)) + -4.
4
What is -24 - ((-2 - 10) + -1)?
-11
What is -50 + 15 + 4 + (-11 - -11)?
-31
Evaluate (2 - 6) + 47 + 209 + -222.
30
What is 7 + (-6 - (7 - (6 + 6)) - 5)?
1
Evaluate -15 + -10 + 21 + -10.
-14
Calculate -14 + (-28 - -20) - -30.
8
What is the value of 9 - (8 - (-35 + 16))?
-18
Calculate 14 - ((9 - 42) + 52).
-5
(-23 - (-19 - -10)) + 7 + (0 - 1)
-8
Calculate -12 - -17 - 5 - -3.
3
What is the value of 3 + (-1 - 3) - (18 - 11 - -13)?
-21
(11 + (5 + 1 - -27) - 6) + -4
34
Calculate 196 - 207 - (21 - 0) - (-5 - 1).
-26
What is the value of -5 - -2 - (-7 - (-15 - -8))?
-3
What is the value of (-1 - -1) + -21 - (-26 - (-66 - -39))?
-22
-11 + (8 - 3) + 9 + -12
-9
What is 33 + -23 + -5 + 12 + 16?
33
What is the value of 1 + (2 - 1) + 0 + 198 + -208?
-8
What is -7 + 2 + 13 + -3 - (1 + 2)?
2
Calculate 26 + (6 - (4 - -15)).
13
Evaluate (4 - -6) + -2 + (-19 - 0).
-11
(8 - 9) + 4 + -2 + -1 - -5
5
What is the value of -3 - ((-14 - -18) + (2 - 3) - 3)?
-3
(-2 - -7) + -1 + (-9 - (-9 + 2))
2
Evaluate -5 + (0 - (-1 - -3)) + (-151 - -172).
14
2 + -2 - 6 - (42 - (-15 - -58))
-5
(12 - 15) + 1 + -7
-9
Calculate (-2 - (-2 + 4 + -3 + 10)) + 7.
-4
13 - (-9 + 20 - (20 - 7))
15
What is the value of -10 + (8 - 13) - (-17 - -3)?
-1
Calculate -18 + (7 - (-3 + -12)).
4
Calculate -14 + -14 + -3 + 0 + 6.
-25
What is (4 - 2) + -9 - (-60 - -57)?
-4
Calculate -12 - 0 - (3 + (26 - 40)).
-1
Evaluate (1 + -3 - -2) + -23 + -24 + 25.
-22
What is the value of (-11 - -20 - (-10 + -20)) + 1 + -6?
34
-3 + 6 + (-5 - -4) + 1 + -1
2
Calculate 0 - 15 - ((-18 - -7) + 9).
-13
What is 7 - (-6 + 23 + -19)?
9
-40 + 24 + (18 - 2)
0
(-11 - (-23 + 18 + -14)) + 0 + 6
14
What is 21 - (-11 + 7 + 17)?
8
What is 34 + (-19 - (11 - 13))?
17
What is the value of 2 - -3 - 0 - -1 - -2 - 6?
2
Evaluate (16 - -25 - 42) + 17 + -2.
14
Evaluate 8 - 3 - (35 + -20 - 17).
7
-4 + 0 + -2 + (-8 - (-13 - 0))
-1
Calculate 4 - -23 - (-52 + 74).
5
Evaluate 7 + -34 + 42 + -24.
-9
What is the value of 1 - (3 - 5) - -14?
17
Evaluate 1 - -19 - (662 - 628).
-14
What is (-4 - -11 - 8) + -57 + 42?
-16
Evaluate -11 + (4 - ((-4 - -4) + (-7 - -5))).
-5
What is the value of (-1 - -6) + 723 + -710?
18
Evaluate 5 - (-30 + 39 - (3 + -2)).
-3
What is -3 + 2 - 3 - (0 + -10)?
6
Calculate 7 + -4 + 6 - (15 + -6).
0
0 + 11 - (-39 + 46)
4
What is 0 - (14 - (27 - 33))?
-20
What is (7 - (3 - -2) - 7) + (-1 - 11)?
-17
Evaluate -10 - (-14 + (4 - -5)) - -24.
19
What is -11 + 1 + 23 + (10 - 4)?
19
What is the value of (3 - -7 - 13) + 1 + 2?
0
Evaluate 11 + 7 + -26 + 17.
9
3 + 26 + -16 + -26
-13
Calculate -4 - (5 - (6 + -5 + 1)).
-7
Calculate 4 - (9 + -4 - 2 - 15).
16
(4 - 0) + (-14 - -9) - (0 + -1)
0
Evaluate 5 - 33 - -11 - -11.
-6
What is the value of 5 - (3 - (0 - (-9 - -8))) - -26?
29
3 + 4 + 9 + -16 + -6
-6
What is -1 + 3 + -6 + (6 - (-2 - -5))?
-1
What is -1 - (0 + 1 + (-8 - -4) + -1)?
3
1 - (23 - (58 + -24))
12
What is (22 - 27) + 21 + -6?
10
What is -4 + (2 - -8 - 3) + 1?
4
What is the value of 15 - 24 - (-1 + -4)?
-4
-4 + 13 - 4 - (-3 - (-1 + -3))
4
Evaluate -13 + -3 + (-11 - -9) + (3 - 0).
-15
Calculate (23 - (-1 + -1 + 7)) + (-8 - -4).
14
What is -2 - ((6 + -7 + 16 - 8) + -5)?
-4
What is the value of -3 - (-2 - (-6 - 16) - 5)?
-18
Evaluate -22 - (-36 - -13) - 11.
-10
What is the value of 12 - 21 - (4 + -5 + 2)?
-10
(-6 - (-7 + 11)) + 13 + 0
3
(10 - 0 - 5) + -8 + 13
10
Calculate 1 + 8 + -3 + -3 - -7.
10
What is (-15 - 11) + 16 + -3?
-13
Calculate -2 + -2 + (9 - (11 - -2)).
-8
What is the value of -3 - (-6 + (0 - -1)) - (-3 - -8)?
-3
-20 - (12 - (18 - -21))
7
-26 + 3 - (46 + -49)
-20
What is the value of 0 + -31 + -2 + 17?
-16
Calculate -20 + -3 + 251 + -228.
0
Calculate -348 + 342 + (-1 - (1 + -15)) + 1.
8
Calculate (3 - 1 - (8 - 2)) + (6 - -16).
18
What is the value of (-7 - (-4 - -18 - 14)) + 9?
2
What is -8 + 2 + (1 - 0) + -14 + 15?
-4
Calculate -2 - (26 + 0 + -42 - (-1 + -6)).
7
(-5 - (-5 - -14)) + (28 - 18)
-4
Evaluate ((8 - -6) + -6 - 0) + (-8 - -1).
1
What is the value of 1 + -31 + 34 - -12?
16
Calculate (10 - 5) + -12 - (-11 - -10 - -7).
-13
Evaluate 1 + -24 + 29 - -8.
14
What is -174 + 188 - (22 + 4)?
-12
What is the value of 23 + -31 - (-1 - 6) - 9?
-10
What is -6 - -46 - (-3 + 0 + 12)?
31
What is -3 + -43 + 35 + (1 - -18)?
8
What is -10 - (-2 + -4 + 21 + -18 + 5)?
-12
What is -41 + 32 - (-30 + 2) - 10?
9
Evaluate 0 + -1 + 1 - (188 + -193).
5
Evaluate 0 + -3 - (3 - (-7 - -4 - -6)).
-3
-15 - (-2 + (-7 - -4 - 37))
27
Calculate -5 + (3 - 0) + 26.
24
What is 16 - 14 - (4 + -1 + -3)?
2
Calculate -2 - ((19 - 6) + -5 - 12).
2
Evaluate -8 - -2 - (3 + -5 + 5).
-9
Calculate ((-10 - -5) + 5 - 0) + (13 - 1).
12
Calculate (-363 - -384 - (0 - 15)) + -10 + 0.
26
Calculate 9 + (-13 - (1 - 10)).
5
Evaluate 6 + (2 - 2) + 17 + -35.
-12
1 + (5 - (-3 + 2)) + (55 - 73)
-11
Calculate -23 + (1 - -7) - (56 - 90).
19
What is the value of (-11 - 1 - -1 - -14) + -8?
-5
What is the value of 19 + -4 + -11 + (1 - 4)?
1
What is -6 + (0 - -4) + 6 - (2 + -17)?
19
What is 7 - (9 + (-2 - (0 + -4)))?
-4
What is (-26 - (-8 - 37)) + -48?
-29
What is the value of (-144 - -139) + 5 + (1 - 4)?
-3
-2 - (-8 + -5 - -24)
-13
What is -9 - (8 + -17) - 3 - (0 + 9)?
-12
Calculate -6 + 0 + -38 + 24.
-20
What is -12 + 0 + 15 - -3?
6
What is 25 + 4 + 13 + 5 - 17?
30
Calculate 10 - (0 + 15 - -3).
-8
Calculate -6 + -9 + (-3 - -5 - -23).
10
Evaluate -10 + 2 + 3 + 3 + -3.
-5
What is (-2 - (-1 + 12)) + 8?
-5
-9 + 19 + -20 - -11
1
What is the value of (-15 - (-3 + 1)) + 27 + -20 + 9?
3
Calculate 14 - 24 - 0 - -2.
-8
What is the value of 32 + -19 + -22 - (1 + -2 - -11)?
-19
What is -33 - ((0 - 6) + 16 + -6 + -10)?
-27
(67 + -99 - (2 - 11)) + 13 + -1
-11
-2 - (-5 - (2 + (-13 - 1)))
-9
What is the value of -32 - (128 - 127 - (9 + -1))?
-25
Calculate -1 + -4 + 17 + -1.
11
What is the value of -3 + (1 - (-37 + 35 + (-1 - 1)))?
2
Calculate (-11 + (17 - 9) - 5) + (3 - 0).
-5
Calculate -11 + 3 + -1 - ((-1 - -11) + -17).
-2
Calculate -21 + 2 + (-7 - (-9 + -3 + 2)).
-16
What is -13 + (-34 - (18 + -83))?
18
Evaluate (3 - -17) + 2 - (-32 + 28 + 9).
17
73 + -58 + (1 - 20)
-4
Evaluate (-3 - (-18 - 1)) + -7 + 15 + -14.
10
0 + -7 + 0 - (-74 - -45 - -39)
-17
What is the value of 8 + 3 + 26 + -12 + 1 + -7?
19
What is (12 - (11 + -14 + (-10 - -2))) + -6?
17
What is the value of -8 + (0 - (11 - (9 - (-8 - -2))))?
-4
Calculate 0 + -49 + 25 + 2.
-22
What is (3 - (-1 + (-1 - -4 - 4))) + 1?
6
What is -4 + -2 + (-11 - -15)?
-2
What is the value of (0 - 9) + 303 + -286?
8
What is the value of -7 - (5 - 13 - -3 - (-8 + -15))?
-25
Calculate 0 + -3 + (-123 - -144).
18
Calculate (11 - (15 - 10)) + -8 + 14.
12
What is the value of (9 - 1) + 4 - (0 - -28)?
-16
-2 + -3 + 9 + -2 + 119 + -117
4
What is the value of -8 - (-3 + 0 + 13) - 0 - -8?
-10
What is 1 + 1 + (-68 - -44) + 19?
-3
Evaluate -247 - -247 - (31 - 1) - (-5 - 0).
-25
Evaluate 51 + -39 + -7 + -3 - (-2 + -5).
9
-23 + (-14 + 9 - -17) + -6
-17
What is the value of